hat are the prime factors of y(x)?
2, 7
Let z = -1224 - -3596. What are the prime factors of z?
2, 593
Let t(x) = 11*x**2 - 8*x + 7. Let o be t(6). Suppose -o = -5*i + 4*p, 0 = -5*i - p - p + 355. Suppose -1 = 2*s - i. What are the prime factors of s?
5, 7
Let k(x) = x + 83. Let w be 1*(79/(-8) - (-17)/(-136)). What are the prime factors of k(w)?
73
Suppose -10883 + 41017 = 19*a. What are the prime factors of a?
2, 13, 61
Let m(i) be the third derivative of -i**6/120 - 3*i**5/20 + 7*i**4/24 + 2*i**3 - 14*i**2. What are the prime factors of m(-10)?
2, 3, 7
Let d(s) = 3*s**2 + 8*s + 8. Let y be d(-5). Let a = -88 + y. Let b = a + 96. What are the prime factors of b?
3, 17
Suppose -7 = -5*p + 243. Suppose 5*a - 6*a + p = 0. Let s = -23 + a. What are the prime factors of s?
3
Let x = -38 + 48. Suppose -11*s = -6*s - x. What are the prime factors of s?
2
Let r(z) = -z**3 + 50*z**2 + 151*z - 120. List the prime factors of r(52).
2, 7, 83
Let g(k) = 0 - 5 + 3*k + 13 + 14. Let s be g(-9). Let f(z) = z**2 - z - 15. What are the prime factors of f(s)?
3, 5
List the prime factors of (-10 + 0)/((-118)/2419).
5, 41
Let y(d) = -2*d + 2*d**2 - 7*d**2 + 1 - 5 - d**3 - 2. Let h be y(-5). List the prime factors of (-2 - -1*h)*4.
2
Suppose 5*p = 3*g - 453, 604 = 4*g - 2*p - p. Suppose -2*j + 3*a + g = -0*j, j = 2*a + 76. List the prime factors of j.
2, 37
Suppose l = -3*t - 32, 2*l - 3*t + 52 = -6*t. Let k = l - -4. Let f = 37 + k. What are the prime factors of f?
3, 7
Suppose 5*v + 40 = 5*g, -4*g + 3*g = -4*v - 23. List the prime factors of ((-4)/(-10))/(g/210).
2, 7
Let m be (-6 + 2)*(-1)/2. Suppose -3*h + 4*w + 5 = 0, 0*h - m*h - 2*w = -22. What are the prime factors of h?
7
Let g = 15 - -11. What are the prime factors of (-5 + (-6 - -1))/((-2)/g)?
2, 5, 13
Suppose s + 4 = -3*k, -3*k = -k - 4*s - 16. Suppose -4*q + 59 + 13 = k. Let g = q - -3. What are the prime factors of g?
3, 7
Let d(w) = -w**2 + 39*w + 15. Let c be d(24). Let j = c - 171. What are the prime factors of j?
2, 3, 17
Suppose 6*q + 8330 = 41*q. List the prime factors of q.
2, 7, 17
Let j(o) = o**2 - o**3 - 3*o**2 + 11 + 7 - 2*o - 19. Let h be j(-2). Let w = 11 - h. What are the prime factors of w?
2
Let k(d) be the second derivative of d**4/12 - d**3/3 - 7*d**2 - 7*d. List the prime factors of k(-11).
3, 43
List the prime factors of -6 - -12 - (3 + -741).
2, 3, 31
Let h = 115 + -375. List the prime factors of (h/(-25))/(18/15 + -1).
2, 13
Let n be 2 + 0 + (1 - -2). Suppose -3*j = -n - 7. List the prime factors of 2*(-9)/(-6) + j.
7
Let x be -5 + (-19)/(-4) + 47/(-4). Let z = 205 + x. What are the prime factors of z?
193
Suppose -28 = y + 5*k, -3*k - 23 = -8. Let u(i) = -22*i - 1. List the prime factors of u(y).
5, 13
Let u = 749 + -57. What are the prime factors of u?
2, 173
Let q be (-7)/(-2)*(-66)/(-77). Suppose 0 = -q*u - m + 3*m + 95, -37 = -u - 2*m. What are the prime factors of u?
3, 11
Let b be -3*1/(-9)*213. Let g = 134 - b. List the prime factors of g.
3, 7
Let p(a) = -6*a**3 - 13*a - 21. List the prime factors of p(-5).
2, 397
Suppose 4*f = -9*x + 4*x + 316, 2*x - 123 = -5*f. Suppose -45 = -i - 2*b - b, -5*b - 205 = -5*i. Let q = x - i. What are the prime factors of q?
2, 11
Let v(t) = t**3 + 3 + 2 - 2*t + 4*t**2 - 2 + 8*t. Let a be v(-4). What are the prime factors of (-12)/(-5)*(-70)/a?
2
Suppose -15*s + 42 = -9*s. Suppose 0*l = -l - j + s, -3*l - 2*j + 17 = 0. What are the prime factors of l?
3
Let k(z) = -80*z - 71. What are the prime factors of k(-6)?
409
What are the prime factors of (-2)/(-6) + (-18336)/(-18)?
1019
What are the prime factors of -1724*1016/(-480) + 6/(-45)?
41, 89
Let s(k) = 11*k**2 - k**3 - 10 + 0*k**3 - 4*k - 6*k + k. Let o be s(10). Suppose o*y = -5*y + 85. List the prime factors of y.
17
Let o = -714 + 1060. List the prime factors of o.
2, 173
Suppose -17*u + 18816 = -3*u. List the prime factors of u.
2, 3, 7
Let u = -360 + 362. Suppose 6*y - 2*y = 4. What are the prime factors of 60 - y/u*8?
2, 7
Suppose -4*f = 4*u - 4280, -22 - 2115 = -2*u - 3*f. What are the prime factors of u?
29, 37
Let o(w) = 129*w - 23. List the prime factors of o(2).
5, 47
Let v = 22 + -17. Suppose 2*r = 2*f - 64, v*r = 3*f - f - 58. List the prime factors of f.
2, 17
Suppose -2*n - 4 = v - 4*n, 3*n - 9 = 0. Suppose 2*d - 32 = -v*d. Suppose -2*r - h + 8 = -d, -5*r + h = -47. List the prime factors of r.
3
Let c(y) = -y**2 - 89*y - 32. List the prime factors of c(-43).
2, 7, 139
Suppose -q = -3*q + 6. Let s(w) = -3*w - 11*w + w**q - 12*w**2 - 5*w**3 + 3*w**3 + 5. What are the prime factors of s(-11)?
2, 19
Let s(f) = -6*f - 125. Let q(y) = -2*y - 42. Let b(c) = 17*q(c) - 6*s(c). What are the prime factors of b(18)?
2, 3
List the prime factors of (-4120)/15*((-4)/(-16) + -4).
2, 5, 103
Suppose -8*h + 5691 = -h. What are the prime factors of h?
3, 271
What are the prime factors of 2 - (3 - -5) - -1588?
2, 7, 113
Let q(i) = -i**2 + 2*i + 3. Suppose 10 = -4*d - d. Let a be q(d). What are the prime factors of 64/5 - 1/a?
13
Let x be 4 + (4/1)/(2*-1). What are the prime factors of (1 - 4) + (55 - x)?
2, 5
Let a(c) = -c**2 + 11*c - 12. Let f be a(8). Suppose 4*k + 5*u = -f, -5*u - 5 = 3*k + 9. List the prime factors of (k/(-4))/(7/(-420)).
2, 3, 5
Suppose 5*o - 6 - 14 = 0. Suppose o*s + 3 = 15. List the prime factors of s*((-60)/(-9) - 1).
17
Let h be (-3*20/(-48))/(1/8). What are the prime factors of 1396/h - (2 + (-14)/10)?
139
Suppose -3*b - 26 = 4*s - 1672, -2*b + 3*s + 1069 = 0. List the prime factors of b.
2, 271
Suppose -3*p + 2*l + 71 = 0, -4*p - 2*l = -l - 80. What are the prime factors of (-771)/(-9) + (-14)/p?
5, 17
Let q = -149 + 148. Let u be (1 + 5/(-2))*12. List the prime factors of (5 - 1) + q - u.
3, 7
Suppose -1385 = -5*i + 2*y, 4*i - 944 = -2*y + 182. What are the prime factors of i?
3, 31
Let g be (18/27)/(-3*4/(-630)). List the prime factors of 749/g*(1 + 4).
107
Suppose -2*d + 7 - 3 = 0. Suppose 0 = -4*a - 5*t - 3, -d*a = 2*a + 4*t. Suppose 2*c + c = 4*p + 164, -2*c + a*p + 109 = 0. What are the prime factors of c?
2, 7
Suppose -4*n + 13 - 1 = 0. Suppose -l + 12 = 4*q + l, 4 = n*q + 4*l. Suppose j + 106 = q*p, 0*p - j = 5*p - 128. What are the prime factors of p?
2, 13
Let d be 4/(-8)*-6 - 7. Let b be d - (-22 + 2/1). Suppose 4*h = 60 - b. What are the prime factors of h?
11
Suppose -25*r + 2691 = -22*r. List the prime factors of r.
3, 13, 23
Let u(o) = -140*o - 285. What are the prime factors of u(-23)?
5, 587
List the prime factors of 428330/377 + (-2)/13.
2, 71
Suppose 6*a = 2*a - g + 4, 0 = -3*a + g - 4. Suppose a = 5*t - 5*j - 21 - 29, 5*t - 4*j = 54. What are the prime factors of (86/8)/(t/56)?
43
Let w = 25 - 40. List the prime factors of (-3)/2*5/(w/164).
2, 41
Let o be 26/13 - (-2 + 2). Suppose -u + 171 = -0*g + o*g, g - u = 93. List the prime factors of g.
2, 11
Suppose -65 = -3*v + 5*j, -j + 1 = -1. Suppose 5*s - 5*h = -0 + v, -5*h - 25 = 0. List the prime factors of (-3 + s)/((-1)/21).
3, 7
Let g be -3*(-1 + 2)*25/3. List the prime factors of 33*(2 + g/15)*21.
3, 7, 11
Suppose 3*p + 4*x - 6 = -0*p, -2*p = 4*x. Let h(g) = g**3 - 4*g**2 - 4*g - 12. What are the prime factors of h(p)?
2, 3
Suppose 15*o - 8831 = 66379. List the prime factors of o.
2, 23, 109
What are the prime factors of 121/(-11) - (-9426)/6?
2, 3, 5, 13
Let t(p) = p**2 + 2*p - 2. Let n be t(-4). Let r(a) = a**3 - 6*a**2 + a - 1. Let v be r(n). Suppose 91 + 54 = v*o. What are the prime factors of o?
29
Let i(x) = -x**3 - 7*x**2 + 14*x + 18. Let q be i(-8). Let b = 49 + q. What are the prime factors of b?
19
Let j(m) = m**2 + 9*m + 55. List the prime factors of j(11).
5, 11
Let c = -5 - -16. Let i(b) = -b**3 + b - 1. Let q(j) = -4*j**3 + 12*j**2 - 12*j + 12. Let w(t) = 3*i(t) - q(t). What are the prime factors of w(c)?
29
Suppose f + 4*y = 473, -7*y + 2425 = 5*f - 2*y. What are the prime factors of f?
3, 163
Suppose 36*f - 29*f = 17164. What are the prime factors of f?
2, 613
Let r = -85 + 500. Suppose r = 4*q - 257. What are the prime factors of q?
2, 3, 7
Let r = 925 - 441. List the prime factors of r.
2, 11
Suppose 4*f + 2 = -6. What are the prime factors of 9*1*(4 - f)?
2, 3
Let i(v) = -7*v + 83. List the prime factors of i(-43).
2, 3
Suppose 0 = 4*h - 20, -7*i - 2*h - 15615 = -12*i. L